46367102 + 6?
-246367074
In base 15, what is 1b3e9eb - 3?
1b3e9e8
In base 16, what is 8ebfc7 - 6?
8ebfc1
In base 15, what is -257c3a9 + -1?
-257c3aa
In base 10, what is -1 - -20115249?
20115248
In base 8, what is 22423304 + 1?
22423305
In base 4, what is 2003303113103 - 3?
2003303113100
In base 9, what is 81115 - -180?
81305
In base 4, what is 103 - 1200020321210?
-1200020321101
In base 11, what is -1291912 - -1?
-1291911
In base 6, what is -541 - 234023353?
-234024334
In base 12, what is -61 + -455207?
-455268
In base 11, what is -367445 + -1180?
-368615
In base 8, what is -141 - -1347215?
1347054
In base 8, what is -127240 + -23667?
-153127
In base 12, what is -b993 - -135?
-b85a
In base 8, what is -55775 + -1357?
-57354
In base 10, what is -3048 - -13672?
10624
In base 6, what is -12 + 1040201100?
1040201044
In base 11, what is -225 - 382891?
-383006
In base 5, what is -41023001 + 201?
-41022300
In base 2, what is 101101010010011 + -11010001101?
101010000000110
In base 7, what is -62505036 - -30?
-62505006
In base 13, what is 376c - 12b2?
248a
In base 12, what is 681 + 1139?
17ba
In base 16, what is 64 - c30aa?
-c3046
In base 4, what is 11100120 + -13321022?
-2220302
In base 12, what is -885b7 + 12?
-885a5
In base 8, what is 3 - -767321077?
767321102
In base 15, what is -15 + -701c97?
-701cac
In base 8, what is 3 - -3024037?
3024042
In base 16, what is 52dfd + 14?
52e11
In base 4, what is 1 + 2012211223011?
2012211223012
In base 13, what is -4 + 9104c99?
9104c95
In base 16, what is 76 + 2fdf8?
2fe6e
In base 12, what is -ab29a - 42?
-ab320
In base 13, what is 1 - -9bb25?
9bb26
In base 10, what is -113844 - 73?
-113917
In base 4, what is 320221230212 - -101?
320221230313
In base 5, what is 0 - -4143420410?
4143420410
In base 15, what is -25 + -2dd5e3d?
-2dd5e63
In base 6, what is 4 + -43052335?
-43052331
In base 2, what is 1100001 + 10111011011010?
10111100111011
In base 8, what is -1 - 367111075?
-367111076
In base 10, what is -52805 - -37?
-52768
In base 4, what is 3 - 1103021030231?
-1103021030222
In base 8, what is 0 - -665377376?
665377376
In base 6, what is -133334213 + 14?
-133334155
In base 15, what is -1ae - -2dec1?
2dd12
In base 5, what is -3022420 + 1003?
-3021412
In base 9, what is -80 + -2426050?
-2426140
In base 9, what is 287484 - 505?
286878
In base 8, what is -2 + -2011203?
-2011205
In base 7, what is -1464313 + 210?
-1464103
In base 9, what is -5 - -15510?
15504
In base 2, what is -1111101011 + 1000100111?
-111000100
In base 9, what is 4 + -6644405?
-6644401
In base 9, what is -5548 - -314850?
308301
In base 5, what is -14221141422 + -43?
-14221142020
In base 13, what is 31 - -502cc9?
50302a
In base 16, what is -168 - 5189?
-52f1
In base 2, what is 11011010000011011111100011110 + -101?
11011010000011011111100011001
In base 2, what is -1101100000111110011011001 - 0?
-1101100000111110011011001
In base 14, what is -8 + 1519d0a8?
1519d0a0
In base 12, what is 33b - -a6985?
a7104
In base 7, what is -533654 - -11361?
-522263
In base 10, what is -100790 - -2907?
-97883
In base 3, what is 2 - -1000111221212100?
1000111221212102
In base 12, what is 79 + 6449a?
64557
In base 13, what is -531 + 20a75?
20544
In base 7, what is 24 + 103443124?
103443151
In base 2, what is -110110110001000110111011 + -1010?
-110110110001000111000101
In base 16, what is b - -b4352?
b435d
In base 11, what is 656a120 + 1?
656a121
In base 11, what is -5 - -7301524?
730151a
In base 15, what is -d30c70 - -3?
-d30c6c
In base 16, what is -1026a + cfb?
-f56f
In base 6, what is 132 + 4112311?
4112443
In base 3, what is 101111220 - 12222121?
11112022
In base 3, what is 2021 + 1122020201111?
1122020210202
In base 9, what is 1 + 187483155?
187483156
In base 3, what is -110002011102222 + 10202?
-110002011022020
In base 5, what is 141143 + -11320312?
-11124114
In base 10, what is 94 + 393490?
393584
In base 3, what is 1120010020 + -12101?
1112220212
In base 5, what is 33221101 - -2?
33221103
In base 5, what is -131100 - -114101?
-11444
In base 11, what is -7a56a92 - -1?
-7a56a91
In base 7, what is -200002305 + 2?
-200002303
In base 15, what is 14e + -14db?
-138c
In base 3, what is -1110021002202000 - 22?
-1110021002202022
In base 13, what is -60c4b + 15?
-60c36
In base 15, what is 41beaad + 1?
41beaae
In base 4, what is 20122 + 2132022233?
2132103021
In base 16, what is 42f + 7fbe1?
80010
In base 13, what is 92c710 + -1?
92c70c
In base 9, what is 2327201 + -1177?
2326013
In base 9, what is 5 - 1210306?
-1210301
In base 11, what is 23664547 - 0?
23664547
In base 10, what is -691780171 - 4?
-691780175
In base 15, what is 9 - 707a90?
-707a86
In base 14, what is 10 - -bd8a5?
bd8b5
In base 8, what is 3 - -112266730?
112266733
In base 5, what is 33 - 2310441202?
-2310441114
In base 3, what is 1 - 110220222122121?
-110220222122120
In base 7, what is -12011240 - 40?
-12011310
In base 10, what is 2408045002 + 0?
2408045002
In base 5, what is 0 + -303434410?
-303434410
In base 16, what is -32 + 9e4f0?
9e4be
In base 13, what is -36 + 17c54?
17c1b
In base 6, what is -240132324252 + -1?
-240132324253
In base 9, what is 67325110 - 0?
67325110
In base 4, what is 1233130130313 - 0?
1233130130313
In base 5, what is -100 + 2140311?
2140211
In base 10, what is -2 + 19949904?
19949902
In base 6, what is -45251201441 + -1?
-45251201442
In base 13, what is c851a - -38?
c8555
In base 15, what is 10c6235 + 4?
10c6239
In base 12, what is -195 + -287614?
-2877a9
In base 8, what is 102623455 - 4?
102623451
In base 14, what is 212b + -858?
16b3
In base 9, what is 468475 + 528?
470114
In base 3, what is 212121 - 100012002122?
-100011020001
In base 14, what is -392856b - -a?
-3928561
In base 2, what is -10110101110111010100111001 + 11?
-10110101110111010100110110
In base 6, what is -1301 + -451114?
-452415
In base 6, what is -13023 + -3434?
-20501
In base 6, what is 4355325 + 1543?
4401312
In base 10, what is 39835 - -1205?
41040
In base 16, what is -9931e + 5?
-99319
In base 12, what is 1b14362 - 106?
1b14258
In base 15, what is -e360b13 - -9?
-e360b09
In base 12, what is -187 + -402?
-589
In base 2, what is -101 - -111000101011100011011111011?
111000101011100011011110110
In base 11, what is 197312 + -51?
197271
In base 8, what is 3203704 - -63?
3203767
In base 7, what is 143326666 + -4?
143326662
In base 4, what is -2121 + 1313003?
1310222
In base 13, what is a856b1 + 0?
a856b1
In base 8, what is 44313764 - -4?
44313770
In base 13, what is 128a98 + 61?
128b29
In base 6, what is -4402222 - -1104?
-4401114
In base 15, what is -20 + -3010bb?
-3010db
In base 5, what is -12 + -211014302?
-211014314
In base 15, what is -97aea8 - 11?
-97aeb9
In base 10, what is 34 - -13429155?
13429189
In base 7, what is -1062 + -2610600?
-2611662
In base 15, what is -6b76 + 644?
-6532
In base 16, what is 25 + -9444c?
-94427
In base 10, what is 3314 + -193186?
-189872
In base 2, what is 110 + -1101001011101111110101?
-1101001011101111101111
In base 14, what is -12 - 19010?
-19022
In base 11, what is -651135 - 0?
-651135
In base 6, what is -423 - 101043302?
-101044125
In base 7, what is 4056562 - 66?
4056463
In base 11, what is 527a663 - -5?
527a668
In base 9, what is 278 - -318141?
318430
In base 16, what is -18d11 - -2e?
-18ce3
In base 16, what is -9b8d9 - 1a1?
-9ba7a
In base 6, what is 1334300 + 31434?
1410134
In base 14, what is -870 + 1d1b5?
1c745
In base 5, what is -2411103142 + 10?
-2411103132
In base 14, what is 0 + -36415a?
-36415a
In base 14, what is 5 + d48086?
d4808b
In base 12, what is -1577a025 + -4?
-1577a029
In base 10, what is 5 - 15672297?
-15672292
In base 13, what is 42 - 149a3b?
-1499c9
In base 15, what is a9 - ee8b0?
-ee806
In base 7, what is -34645 - -101620?
33642
In base 4, what is 0 + -301111031?
-301111031
In base 12, what is 3 + -4263243?
-4263240
In base 4, what is 30232 + 2213133222?
2213230120
In base 3, what is -1 - -11121101120100101?
11121101120100100
In base 15, what is -1e184 - 201?
-1e385
In base 9, what is 13015 + -8?
13006
In base 5, what is -104234 - -1101214?
441430
In base 7, what is 162 + -223503?
-223311
In base 15, what is -52c45 - -4?
-52c41
In base 13, what is 504a6 - 11?
50495
In base 16, what is -1b5382 - -1a?
-1b5368
In base 11, what is 926 - 6078?
-5252
In base 10, wh